e
Is 5668256 a multiple of 11?
True
Does 9 divide 921681?
True
Is 122529 a multiple of 79?
True
Is 640560 a multiple of 785?
True
Is 43 a factor of 83033?
True
Is 7523540 a multiple of 20?
True
Is 928720 a multiple of 80?
True
Does 453 divide 554472?
True
Does 7 divide 206927?
True
Is 783223 a multiple of 20?
False
Does 115 divide 3105460?
True
Is 16320 a multiple of 8?
True
Is 622 a factor of 892874?
False
Is 100820 a multiple of 19?
False
Is 490 a factor of 2654820?
True
Is 2500599 a multiple of 18?
False
Does 42 divide 776247?
False
Is 520 a factor of 110760?
True
Is 18 a factor of 2104560?
True
Is 434555 a multiple of 99?
False
Does 12 divide 1545041?
False
Does 377 divide 1448250?
False
Is 144210 a multiple of 115?
True
Is 180 a factor of 356940?
True
Does 631 divide 2996674?
False
Is 27 a factor of 540883?
False
Is 50140 a multiple of 46?
True
Does 895 divide 2127193?
False
Is 250341 a multiple of 91?
True
Does 6 divide 85458?
True
Is 157 a factor of 1348541?
False
Does 13 divide 1376546?
False
Is 33 a factor of 1236312?
True
Is 197568 even?
True
Is 619311 a multiple of 539?
True
Is 998518 a multiple of 208?
False
Does 62 divide 736814?
False
Is 62304 a multiple of 472?
True
Does 293 divide 3600384?
True
Is 2260 a multiple of 5?
True
Does 20 divide 713312?
False
Is 513 a factor of 4665222?
True
Does 61 divide 106202?
False
Does 9 divide 60759?
True
Does 10 divide 71181?
False
Does 82 divide 138006?
True
Is 73 a factor of 54972?
False
Is 69 a factor of 1486812?
True
Is 109 a factor of 17985?
True
Is 196 a factor of 158172?
True
Is 630925 a multiple of 34?
False
Does 88 divide 813691?
False
Does 6 divide 2848739?
False
Is 233 a factor of 153207?
False
Is 1924020 a multiple of 180?
True
Is 479483 a multiple of 62?
False
Is 28 a factor of 131600?
True
Is 556 a factor of 10929795?
False
Is 15156139 a multiple of 481?
False
Is 2083950 a multiple of 15?
True
Does 409 divide 81391?
True
Is 120 a factor of 1548120?
True
Does 38 divide 2233443?
False
Does 7 divide 153927?
False
Is 703 a factor of 3569131?
True
Is 34 a factor of 1063622?
True
Is 323 a factor of 5226140?
True
Is 1876416 a multiple of 116?
True
Does 358 divide 7783994?
True
Does 14 divide 516460?
True
Is 274494 a multiple of 22?
True
Is 15 a factor of 281805?
True
Is 1271 a multiple of 2?
False
Does 1084 divide 70460?
True
Does 82 divide 699395?
False
Is 229318 a multiple of 422?
False
Is 564 a factor of 28200?
True
Does 969 divide 10479735?
True
Is 106 a factor of 47064?
True
Is 16 a factor of 32897488?
True
Does 119 divide 87814?
False
Does 784 divide 1148262?
False
Is 182 a factor of 259350?
True
Does 271 divide 195662?
True
Does 31 divide 3247?
False
Does 8 divide 395344?
True
Is 27 a factor of 4192?
False
Is 204 a factor of 10146327?
False
Does 242 divide 262495?
False
Is 6 a factor of 90222?
True
Is 1265992 a multiple of 56?
True
Is 900332 a multiple of 681?
False
Is 36 a factor of 9040752?
True
Is 4206084 a multiple of 293?
False
Does 12 divide 4431259?
False
Is 3417056 a multiple of 32?
True
Does 346 divide 3295304?
True
Is 155 a factor of 513825?
True
Does 545 divide 201650?
True
Is 1871 a factor of 3990843?
True
Does 74 divide 78366?
True
Is 57 a factor of 836826?
False
Is 62 a factor of 69006?
True
Is 63 a factor of 556860?
False
Is 120066 a multiple of 12?
False
Is 1349040 a multiple of 770?
True
Is 1649574 a multiple of 18?
True
Is 21 a factor of 7888713?
True
Does 59 divide 10504324?
False
Is 85 a factor of 455981?
False
Is 5200938 a multiple of 226?
True
Does 415 divide 142760?
True
Does 59 divide 1365162?
False
Is 56734 a multiple of 6?
False
Is 166075 a multiple of 7?
True
Is 2 a factor of 827705?
False
Does 256 divide 98747?
False
Is 112485 a multiple of 436?
False
Is 1038363 a multiple of 89?
True
Is 75 a factor of 839353?
False
Is 1904392 a multiple of 24?
False
Is 63 a factor of 1499400?
True
Does 177 divide 76276?
False
Is 313 a factor of 360263?
True
Does 11 divide 406005?
False
Is 145 a factor of 1589780?
True
Does 27 divide 2885112?
True
Is 33 a factor of 43048?
False
Is 62433 a multiple of 7?
True
Does 11 divide 4705614?
False
Is 683 a factor of 10016878?
True
Is 21 a factor of 1615887?
True
Is 3039227 a multiple of 901?
False
Is 39963 a multiple of 48?
False
Is 34760 a multiple of 26?
False
Is 693824 a multiple of 809?
False
Is 16 a factor of 720352?
True
Is 39 a factor of 6514?
False
Is 94728 a multiple of 4?
True
Is 624536 a multiple of 376?
True
Is 159983 a multiple of 5?
False
Does 1003 divide 4163621?
False
Is 1810 a multiple of 105?
False
Is 10 a factor of 129200?
True
Is 1536759 a multiple of 329?
True
Does 244 divide 2231868?
True
Is 6 a factor of 3735511?
False
Does 51 divide 153765?
True
Is 3 a factor of 199587?
True
Does 12 divide 40332?
True
Does 2042 divide 25102739?
False
Does 920 divide 6796033?
False
Is 215 a factor of 229620?
True
Does 2 divide 1257307?
False
Is 12 a factor of 263628?
True
Does 24 divide 18864?
True
Is 105492 a multiple of 41?
False
Is 235 a factor of 2205287?
False
Is 1977847 a multiple of 384?
False
Does 374 divide 103625?
False
Does 69 divide 11777?
False
Is 38 a factor of 5722916?
False
Does 207 divide 353334?
False
Is 567063 a multiple of 59?
False
Is 13 a factor of 1361555?
True
Does 435 divide 1429410?
True
Is 12 a factor of 329892?
True
Does 222 divide 657120?
True
Is 13 a factor of 7587723?
True
Is 150848 a multiple of 19?
False
Is 144 a factor of 26628768?
True
Does 1714 divide 28119190?
False
Does 127 divide 149745?
False
Is 63 a factor of 1562211?
True
Does 240 divide 9600?
True
Is 31 a factor of 3140333?
False
Is 11 a factor of 1042120?
False
Is 24 a factor of 4230942?
False
Is 13608 a multiple of 28?
True
Is 18841 even?
False
Is 21 a factor of 98910?
True
Is 244632 a multiple of 24?
True
Does 1737 divide 16836741?
True
Does 814 divide 3718352?
True
Is 69039 a multiple of 23?
False
Is 9 a factor of 2616075?
True
Does 71 divide 290441?
False
Does 140 divide 2133740?
True
Does 55 divide 10835?
True
Is 4 a factor of 232481?
False
Is 16394 a multiple of 14?
True
Is 674 a factor of 4459858?
True
Is 138 a factor of 272964?
True
Does 8 divide 486466?
False
Is 151 a factor of 653679?
True
Does 29 divide 61422?
True
Does 35 divide 95130?
True
Is 137 a factor of 84171?
False
Is 101176 a multiple of 8?
True
Does 13 divide 24364?
False
Does 352 divide 161216?
True
Does 173 divide 62021?
False
Does 20 divide 610378?
False
Is 68065 a multiple of 47?
False
Is 6 a factor of 3129?
False
Is 651264 a multiple of 318?
True
Is 23 a factor of 711114?
True
Is 23 a factor of 241418?
False
Does 26 divide 8325540?
False
Does 24 divide 2790984?
True
Does 12 divide 36816?
True
Does 286 divide 1091010?
False
Is 183 a factor of 1953708?
True
Is 517 a factor of 1869352?
False
Is 204684 a multiple of 50?
False
Is 4487162 a multiple of 46?
True
Is 395 a factor of 450695?
True
Is 22 a factor of 282414?
True
Is 33 a factor of 156812?
False
Does 170 divide 179147?
False
Does 27 divide 142830?
True
Is 64 a factor of 1865024?
True
Is 911321 a multiple of 1746?
False
Is 13 a factor of 2347969?
True
Is 27803232 a multiple of 36?
True
Is 412 a factor of 1364471?
False
Is 526729 a multiple of 47?
True
Does 40 divide 22238080?
True
Does 25 divide 88103?
False
Is 38 a factor of 4316952?
True
Is 989 a factor of 3141064?
True
Does 9 divide 178984?
False
Is 3206309 a multiple of 12?
False
Is 27 a factor of 14287?
False
Does 117 divide 5338476?
True
Is 799322 a multiple of 130?
False
Is 81830 a multiple of 10?
True
Is 19789897 a multiple of 82?
False
Is 1832490 a multiple of 53?
False
Does 23 divide 6068?
False
Does 89 divide 4489161?
False
Does 111 divide 600306?
False
Does 35 divide 1256730?
False
Does 369 divide 94033?
False
Is 79870 a multiple of 616?
False
Does 254 divide 526816?
False
Does 5 divide 8918420?
True
Is 907 a factor of 777942?
False
Does 487 divide 1051433?
True
Is 30 a factor of 930677?
False
Is 9323540 a multiple of 10?
True
Is 437 a factor of 12941318?
True
Does 42 divide 1516872?
True
Is 434997 a multiple of 187?
False
Does 3 divide 118970?
False
Is 159750 a multiple of 450?
True
Is 146335 a multiple of 113?
True
Is 554057 a multiple of 22?
False
Is 12 a factor of 32287?
False
Is 88748 a multiple of 44?
True
Does 8 divide 923882?
F